7192008.
2, 3, 23, 2513029
What are the prime factors of 173293951?
173293951
What are the prime factors of 191137841?
191137841
List the prime factors of 53645464.
2, 197, 34039
List the prime factors of 43001670.
2, 3, 5, 17, 84317
What are the prime factors of 2822161562?
2, 11, 128280071
What are the prime factors of 633563329?
7, 90509047
What are the prime factors of 92887269?
3, 17, 1821319
List the prime factors of 202404637.
173, 701, 1669
List the prime factors of 4840561808.
2, 149, 2030437
List the prime factors of 439863501.
3, 7, 11, 1904171
List the prime factors of 582111676.
2, 31, 37, 71, 1787
What are the prime factors of 110892941?
131, 401, 2111
What are the prime factors of 2968965201?
3, 31, 31924357
What are the prime factors of 6037426?
2, 193, 15641
What are the prime factors of 874341085?
5, 174868217
What are the prime factors of 96709160?
2, 5, 41, 109, 541
List the prime factors of 716285635.
5, 13, 11019779
What are the prime factors of 275696422?
2, 19, 383, 997
What are the prime factors of 210532936?
2, 26316617
What are the prime factors of 22157552?
2, 1384847
List the prime factors of 999187024.
2, 11, 46919
What are the prime factors of 20461534?
2, 10230767
List the prime factors of 28836761.
28836761
List the prime factors of 67244818.
2, 67, 501827
What are the prime factors of 635239618?
2, 13, 24432293
What are the prime factors of 1807457672?
2, 225932209
What are the prime factors of 62362687?
62362687
What are the prime factors of 514680523?
7, 463, 158803
List the prime factors of 27461775.
3, 5, 11, 33287
List the prime factors of 283479589.
7649, 37061
What are the prime factors of 657842063?
657842063
What are the prime factors of 492449716?
2, 11, 11192039
What are the prime factors of 1180755371?
9371, 126001
List the prime factors of 618323821.
19, 32543359
List the prime factors of 312102272.
2, 23, 106013
List the prime factors of 383860566.
2, 3, 7108529
List the prime factors of 73076474.
2, 23, 211, 7529
What are the prime factors of 69390478?
2, 947, 36637
What are the prime factors of 2201027756?
2, 43, 12796673
List the prime factors of 3267579569.
6971, 468739
List the prime factors of 1775019337.
7, 13, 419, 3581
What are the prime factors of 81745887?
3, 23, 239, 4957
List the prime factors of 69057495.
3, 5, 13, 19, 109
What are the prime factors of 1215621667?
13, 93509359
List the prime factors of 115067325.
3, 5, 19, 80749
List the prime factors of 296616114.
2, 3, 5492891
What are the prime factors of 436744006?
2, 218372003
What are the prime factors of 83060031?
3, 29, 954713
What are the prime factors of 140106918?
2, 3, 7, 31, 107609
List the prime factors of 12223198.
2, 13, 251, 1873
List the prime factors of 615962088.
2, 3, 7, 17, 29, 37, 67
List the prime factors of 6332565658.
2, 3166282829
List the prime factors of 33203232.
2, 3, 31, 3719
What are the prime factors of 833325539?
31, 26881469
List the prime factors of 441211822.
2, 220605911
List the prime factors of 1019989172.
2, 509, 500977
List the prime factors of 16774691.
137, 122443
What are the prime factors of 1752905243?
1752905243
List the prime factors of 6175778094.
2, 3, 41, 929807
List the prime factors of 2410749474.
2, 3, 7, 47, 1221251
List the prime factors of 1522717580.
2, 5, 1987, 38317
List the prime factors of 4250097046.
2, 13, 9091, 17981
What are the prime factors of 132542199?
3, 101, 139, 1049
What are the prime factors of 144066117?
3, 13, 1913, 1931
List the prime factors of 2385586405.
5, 477117281
What are the prime factors of 3563764967?
7, 89, 5720329
List the prime factors of 181007334.
2, 3, 67, 150089
List the prime factors of 164306974.
2, 13, 6319499
What are the prime factors of 3668657721?
3, 53, 23073319
List the prime factors of 273614363.
11, 193, 359
What are the prime factors of 1512805219?
523, 1447, 1999
List the prime factors of 4381459515.
3, 5, 97365767
What are the prime factors of 20377238?
2, 7, 207931
What are the prime factors of 1235583545?
5, 7, 17, 2076611
List the prime factors of 1122659784.
2, 3, 503, 10333
List the prime factors of 2723791444.
2, 11, 1399, 44249
List the prime factors of 472263525.
3, 5, 19, 61, 1811
List the prime factors of 1537026452.
2, 13, 113, 261577
List the prime factors of 36215720.
2, 5, 709, 1277
List the prime factors of 155668292.
2, 13, 19, 157559
What are the prime factors of 2927680901?
47, 62291083
List the prime factors of 302835928.
2, 43, 880337
List the prime factors of 227245516.
2, 56811379
What are the prime factors of 3794052128?
2, 461, 257189
List the prime factors of 5845413204.
2, 3, 9221, 17609
List the prime factors of 31855018.
2, 13, 1091, 1123
List the prime factors of 163555613.
13, 823, 15287
What are the prime factors of 192728757?
3, 13, 4941763
What are the prime factors of 46840973?
67, 699119
List the prime factors of 4110115037.
7, 587159291
What are the prime factors of 1219219523?
37, 32951879
What are the prime factors of 264711206?
2, 641, 206483
List the prime factors of 2551505779.
47, 191, 284227
List the prime factors of 49132960.
2, 5, 29, 10589
List the prime factors of 365097825.
3, 5, 19, 41, 2083
What are the prime factors of 76239746?
2, 11, 41, 84523
What are the prime factors of 26104756?
2, 29, 139, 1619
List the prime factors of 618215.
5, 13, 9511
What are the prime factors of 28813466?
2, 11, 397, 3299
What are the prime factors of 1522215018?
2, 3, 2137, 4397
List the prime factors of 7103711838.
2, 3, 929, 1274437
List the prime factors of 2019098669.
7, 19, 41, 43, 79, 109
List the prime factors of 40980416.
2, 19, 67, 503
What are the prime factors of 656554006?
2, 19, 59, 97, 3019
List the prime factors of 585983054.
2, 881, 332567
List the prime factors of 34494649.
7, 17, 289871
What are the prime factors of 2723209763?
61, 44642783
List the prime factors of 349463412.
2, 3, 9707317
List the prime factors of 12357973.
29, 239, 1783
List the prime factors of 1316515158.
2, 3, 7, 709, 14737
List the prime factors of 25456442.
2, 11, 1157111
What are the prime factors of 127455894?
2, 3, 163, 43441
What are the prime factors of 73551593?
73551593
What are the prime factors of 484135512?
2, 3, 7, 29, 99371
What are the prime factors of 1188982665?
3, 5, 13, 19, 181, 197
What are the prime factors of 842933699?
739, 991, 1151
List the prime factors of 50671082.
2, 7, 11, 89, 3697
What are the prime factors of 20663189?
20663189
List the prime factors of 61440733.
257, 239069
What are the prime factors of 25217181?
3, 11, 103, 2473
List the prime factors of 377887917.
3, 11, 17, 257, 2621
List the prime factors of 1227505412.
2, 7, 19, 121439
List the prime factors of 57549337.
1109, 51893
List the prime factors of 5743481494.
2, 29, 4673, 21191
List the prime factors of 1329743542.
2, 664871771
List the prime factors of 568482127.
241, 263, 8969
What are the prime factors of 4758412516?
2, 11, 13, 19, 437837
List the prime factors of 4298177255.
5, 859635451
List the prime factors of 539845747.
7, 77120821
What are the prime factors of 106809288?
2, 3, 193, 23059
What are the prime factors of 68960921?
109, 632669
List the prime factors of 925963781.
487, 1901363
List the prime factors of 72842634.
2, 3, 1277, 3169
List the prime factors of 1215555138.
2, 3, 7, 67, 109, 1321
List the prime factors of 595615983.
3, 2719, 73019
What are the prime factors of 69873557?
13, 29, 53, 269
List the prime factors of 297994687.
43, 73, 94933
List the prime factors of 41408710.
2, 5, 7, 591553
What are the prime factors of 306636321?
3, 102212107
What are the prime factors of 172107757?
19, 37, 137, 1787
List the prime factors of 110526871.
7, 13, 733, 1657
List the prime factors of 117062696.
2, 31, 472027
List the prime factors of 315445380.
2, 3, 5, 67, 131, 599
What are the prime factors of 3489670?
2, 5, 31, 11257
List the prime factors of 309454762.
2, 191, 810091
What are the prime factors of 26234497?
19, 1380763
What are the prime factors of 3461224457?
3461224457
What are the prime factors of 47142275?
5, 17, 110923
What are the prime factors of 14820676?
2, 13, 257, 1109
What are the prime factors of 387392613?
3, 10151, 12721
List the prime factors of 49721264.
2, 28